{"id":1500,"date":"2021-07-22T10:49:51","date_gmt":"2021-07-22T13:49:51","guid":{"rendered":"http:\/\/abesc.com.br\/?page_id=1500"},"modified":"2025-03-11T16:30:14","modified_gmt":"2025-03-11T19:30:14","slug":"eventos","status":"publish","type":"page","link":"https:\/\/abesc.com.br\/?page_id=1500","title":{"rendered":"CAMPEONATO METROPOLITANO DE HANDEBOL 2025"},"content":{"rendered":"\n<p>O Campeonato Metropolitano de Handebol \u00e9 uma competi\u00e7\u00e3o de handebol da regi\u00e3o metropolitana de Belo Horizonte, que nas \u00faltimas tr\u00eas edi\u00e7\u00f5es contou com mais de 600 participantes e realizado mais de 140 jogos.<br><\/p>\n\n\n\n<p>&#8211;  O Campeonato Metropolitano de Handebol tem como diferenciais: <\/p>\n\n\n\n<ul class=\"wp-block-list\">\n<li>Jogos realizados nos finais de semana ao longo de 3 ou 4 meses (dependendo do n\u00famero de equipes inscritas)<\/li>\n\n\n\n<li>Datas previamente definidas no Congresso T\u00e9cnico com alinhamento entre as equipes participantes<\/li>\n\n\n\n<li>Disputas em s\u00e9rie ouro, prata, bronze, de acordo com o n\u00famero de inscritos em cada categoria.<\/li>\n\n\n\n<li>Premia\u00e7\u00e3o para todas as disputas (Ouro, Prata ou Bronze), garantindo disputas de premia\u00e7\u00e3o todos at\u00e9 os \u00faltimos jogos.<\/li>\n\n\n\n<li>No m\u00ednimo de 4 jogos para todas as equipes participantes.<\/li>\n\n\n\n<li>Uso do espa\u00e7o do clube social da ABESC no dia do jogo. <\/li>\n<\/ul>\n\n\n\n<p>O prazo para inscri\u00e7\u00e3o ser\u00e1 at\u00e9 o dia 21 DE MAR\u00c7O DE 2025. O valor da inscri\u00e7\u00e3o ser\u00e1 de R$ 75,00 por atleta.<\/p>\n\n\n\n<p>No dia 22 de mar\u00e7o ser\u00e1 realizado o Congresso T\u00e9cnico quando ter\u00e1 a defini\u00e7\u00e3o dos chaveamentos e defini\u00e7\u00e3o das datas dos jogos. <\/p>\n\n\n\n<p>Leia o regulamento, organize a sua equipe e vamos jogar MUITO no Campeonato Metropolitano de Handebol.<\/p>\n\n\n\n<p>Para qualquer d\u00favida estamos a disposi\u00e7\u00e3o no n\u00famero (31) 988448290 (Luiz) ou (31) 98427-8937 (Jo\u00e3o).<\/p>\n\n\n\n<p>REGULAMENTO GERAL DO CAMPEONATO METROPOLITANO DE HANDEBOL<\/p>\n\n\n\n<div data-wp-interactive=\"core\/file\" class=\"wp-block-file\"><object data-wp-bind--hidden=\"!state.hasPdfPreview\" hidden class=\"wp-block-file__embed\" data=\"https:\/\/abesc.com.br\/wp-content\/uploads\/2025\/02\/Regulamento-Campeonato-Metropolitano-de-Handebol-2025-1.pdf\" type=\"application\/pdf\" style=\"width:100%;height:600px\" aria-label=\"Incorporado de Regulamento Campeonato Metropolitano de Handebol 2025.\"><\/object><a id=\"wp-block-file--media-432f01da-f62d-41da-b59c-e9ba34724307\" href=\"https:\/\/abesc.com.br\/wp-content\/uploads\/2025\/02\/Regulamento-Campeonato-Metropolitano-de-Handebol-2025-1.pdf\">Regulamento Campeonato Metropolitano de Handebol 2025<\/a><a href=\"https:\/\/abesc.com.br\/wp-content\/uploads\/2025\/02\/Regulamento-Campeonato-Metropolitano-de-Handebol-2025-1.pdf\" class=\"wp-block-file__button wp-element-button\" download aria-describedby=\"wp-block-file--media-432f01da-f62d-41da-b59c-e9ba34724307\">Baixar<\/a><\/div>\n","protected":false},"excerpt":{"rendered":"<p>O Campeonato Metropolitano de Handebol \u00e9 uma competi\u00e7\u00e3o de handebol da regi\u00e3o metropolitana de Belo Horizonte, que nas \u00faltimas tr\u00eas edi\u00e7\u00f5es contou com mais de 600 participantes e realizado mais de 140 jogos. &#8211; O Campeonato Metropolitano de Handebol tem<\/p>\n","protected":false},"author":1,"featured_media":0,"parent":0,"menu_order":0,"comment_status":"closed","ping_status":"closed","template":"","meta":{"ngg_post_thumbnail":0,"footnotes":""},"class_list":["post-1500","page","type-page","status-publish","hentry"],"_links":{"self":[{"href":"https:\/\/abesc.com.br\/index.php?rest_route=\/wp\/v2\/pages\/1500","targetHints":{"allow":["GET"]}}],"collection":[{"href":"https:\/\/abesc.com.br\/index.php?rest_route=\/wp\/v2\/pages"}],"about":[{"href":"https:\/\/abesc.com.br\/index.php?rest_route=\/wp\/v2\/types\/page"}],"author":[{"embeddable":true,"href":"https:\/\/abesc.com.br\/index.php?rest_route=\/wp\/v2\/users\/1"}],"replies":[{"embeddable":true,"href":"https:\/\/abesc.com.br\/index.php?rest_route=%2Fwp%2Fv2%2Fcomments&post=1500"}],"version-history":[{"count":8,"href":"https:\/\/abesc.com.br\/index.php?rest_route=\/wp\/v2\/pages\/1500\/revisions"}],"predecessor-version":[{"id":1687,"href":"https:\/\/abesc.com.br\/index.php?rest_route=\/wp\/v2\/pages\/1500\/revisions\/1687"}],"wp:attachment":[{"href":"https:\/\/abesc.com.br\/index.php?rest_route=%2Fwp%2Fv2%2Fmedia&parent=1500"}],"curies":[{"name":"wp","href":"https:\/\/api.w.org\/{rel}","templated":true}]}}